In base 2, what is -101 - -1111100110110010?
1111100110101101
In base 4, what is 10 + -112131030?
-112131020
In base 12, what is -630b + 5?
-6306
In base 12, what is 60b7 - 64?
6053
In base 4, what is 11312213 - -332?
11313211
In base 5, what is -30032312 - -1?
-30032311
In base 16, what is -2d + -9e?
-cb
In base 15, what is 5 - -10a96?
10a9b
In base 12, what is -6003 + 106?
-5ab9
In base 5, what is -1103 - -41203?
40100
In base 9, what is -3 - -1174427?
1174424
In base 7, what is 361334 - -1?
361335
In base 10, what is 1 + 291998?
291999
In base 11, what is -3 - -1234a2?
12349a
In base 12, what is -1 + 2035b?
2035a
In base 16, what is 5 - 31c3c?
-31c37
In base 16, what is -3 - 34a1?
-34a4
In base 16, what is -5c6 - 14?
-5da
In base 2, what is 11 - -10001001010001?
10001001010100
In base 7, what is 1553 + -44?
1506
In base 6, what is -14334 + 2?
-14332
In base 7, what is 5 - -1345?
1353
In base 2, what is 1100001100 + 1010010000?
10110011100
In base 5, what is 1 + 1440430?
1440431
In base 4, what is -222 + -32101103?
-32101331
In base 14, what is -4 - -9079?
9075
In base 15, what is 3ce9 + 35?
3d2e
In base 11, what is -85 + 208?
133
In base 3, what is -111022011201 + 11?
-111022011120
In base 15, what is 17 + -77b?
-764
In base 6, what is -1 + -40541?
-40542
In base 9, what is -8 + -783?
-802
In base 3, what is -12021022012 - 12?
-12021022101
In base 2, what is 10 + 10100001111100?
10100001111110
In base 15, what is 2c + 1835?
1862
In base 3, what is -11100022 - 21202?
-11122001
In base 14, what is 15d7 - -4?
15db
In base 7, what is 1 + -340533?
-340532
In base 12, what is -1483 - -8?
-1477
In base 6, what is 1 - 55240?
-55235
In base 15, what is 0 - -75ed?
75ed
In base 13, what is -17 - -5ac5?
5aab
In base 8, what is -5 - -4125?
4120
In base 4, what is 3002 - -10?
3012
In base 12, what is 1a - 279?
-25b
In base 13, what is c6 - -5b76?
5c6c
In base 15, what is 2 + 1b0d3?
1b0d5
In base 3, what is -20 - 211201001?
-211201021
In base 14, what is -18a2 + -1?
-18a3
In base 12, what is 10 + 44529?
44539
In base 16, what is 146 + 10?
156
In base 5, what is 24 + 20043140?
20043214
In base 2, what is 10000001010101 - 110?
10000001001111
In base 7, what is 4056 - -16?
4105
In base 10, what is -48 + -7523?
-7571
In base 5, what is -13400 - -3342?
-10003
In base 11, what is 2 - -1544?
1546
In base 4, what is -2 - -2031022?
2031020
In base 15, what is 3 - 43a0?
-439c
In base 8, what is 4 + 13261?
13265
In base 14, what is 580 + 10c?
68c
In base 3, what is 12202212 - -2?
12202221
In base 3, what is -102 - 20101222?
-20102101
In base 3, what is 20111 - 2202?
10202
In base 5, what is 141321 - 2244?
134022
In base 16, what is 1051cf - 6?
1051c9
In base 15, what is -1a010 + 1?
-1a00e
In base 9, what is 3 + -42353?
-42350
In base 5, what is -221302 + -1?
-221303
In base 14, what is 4 + -2d60?
-2d5a
In base 3, what is 212111020 + 120?
212111210
In base 12, what is -13 + 394b?
3938
In base 14, what is -1 + -23ca1?
-23ca2
In base 16, what is -4f51 + 1b?
-4f36
In base 13, what is -607095 - -5?
-607090
In base 13, what is -b + -a193?
-a1a1
In base 2, what is 100110000111 + 1?
100110001000
In base 4, what is 1121122213 - -11?
1121122230
In base 12, what is -4285 + 10?
-4275
In base 16, what is -13f + -15f5?
-1734
In base 5, what is -2 + -12120141?
-12120143
In base 16, what is a9d - -4?
aa1
In base 8, what is 435 + 100?
535
In base 9, what is -14 - -2132?
2117
In base 15, what is 4b1 + 57?
518
In base 10, what is -2314 - -1708?
-606
In base 2, what is -111100 + -100001111?
-101001011
In base 10, what is -280641 + 3?
-280638
In base 4, what is 3 - -11130322?
11130331
In base 2, what is 100 + -101001011001?
-101001010101
In base 9, what is 4 - 264081?
-264076
In base 15, what is 5b - 26d?
-212
In base 15, what is -8 - -191bd?
191b5
In base 12, what is 22 + 12135?
12157
In base 2, what is -1011 - 101101110011101111?
-101101110011111010
In base 6, what is -14013551 - 1?
-14013552
In base 15, what is -1839 + -3?
-183c
In base 6, what is 1 + -105332?
-105331
In base 5, what is 344141 + 14?
344210
In base 9, what is -3 + -50818?
-50822
In base 16, what is -a7b1 - 1?
-a7b2
In base 3, what is -112021 - 210000?
-1022021
In base 3, what is -11221 + 122100011?
122011020
In base 8, what is 265761 - 1?
265760
In base 12, what is 258 - -1957?
1bb3
In base 12, what is 752a - 4?
7526
In base 13, what is 5a96 - -12?
5aa8
In base 7, what is 50 - 4366?
-4316
In base 15, what is 7 + 5a79?
5a81
In base 5, what is -1323 - 21302?
-23130
In base 4, what is 13322111 + 10?
13322121
In base 13, what is 4 - -9014?
9018
In base 8, what is -31 - -764?
733
In base 2, what is 10101 + 100011001?
100101110
In base 3, what is 22121201 - -1001?
22122202
In base 9, what is 101 - 4065?
-3864
In base 8, what is 4441510 + -5?
4441503
In base 9, what is -15 + 1323?
1307
In base 14, what is -ab + -13c?
-209
In base 4, what is 11031 + -10?
11021
In base 13, what is 85856 - -4?
8585a
In base 6, what is 14440013 + -4?
14440005
In base 7, what is 255 + -3?
252
In base 3, what is -21210011 + 10?
-21210001
In base 12, what is 6485b - -4?
64863
In base 9, what is 118048 - -5?
118054
In base 5, what is 230003 - -4?
230012
In base 9, what is 3154 - -5?
3160
In base 16, what is -84 - 4013?
-4097
In base 2, what is 11111110111100100001 + 11?
11111110111100100100
In base 7, what is 111445 - -1?
111446
In base 2, what is -101 - 11100011111101100?
-11100011111110001
In base 5, what is -11 - 2300411?
-2300422
In base 9, what is -1267774 + -1?
-1267775
In base 9, what is -4816 + -1552?
-6468
In base 9, what is 48 - 3218?
-3160
In base 16, what is -8d8 + -8?
-8e0
In base 12, what is 239a8 + 0?
239a8
In base 14, what is -4 - -1026b?
10267
In base 6, what is -1140425 - -10?
-1140415
In base 13, what is 245 + -313?
-9b
In base 10, what is 1803 - 112?
1691
In base 15, what is -464 - -9d?
-3b6
In base 4, what is 11210323 + 11?
11211000
In base 12, what is -22 - 50?
-72
In base 7, what is -16324 + 0?
-16324
In base 15, what is 829 - 6d?
7ab
In base 13, what is 382 - -2?
384
In base 4, what is 0 + -12111212?
-12111212
In base 9, what is 0 + -28110?
-28110
In base 12, what is 256573 + -8?
256567
In base 8, what is -27 + 25616?
25567
In base 11, what is 4 + -1887?
-1883
In base 9, what is 4 + 1637540?
1637544
In base 10, what is 37 + -47?
-10
In base 12, what is -1 - 8119?
-811a
In base 16, what is -3 - 1cb70?
-1cb73
In base 12, what is -214b - -81?
-208a
In base 6, what is -330420 - 0?
-330420
In base 10, what is -35 + -206?
-241
In base 12, what is 691 + 428?
ab9
In base 12, what is b76 - 1060?
-a6
In base 8, what is -35 - 63771?
-64026
In base 7, what is -4 - -150341?
150334
In base 3, what is 2222 + -121?
2101
In base 12, what is 72ab + -2?
72a9
In base 10, what is -2196 - 2?
-2198
In base 7, what is 32122 - 4?
32115
In base 3, what is -2 + 22120101?
22120022
In base 10, what is -2707 - -17?
-2690
In base 14, what is 28 + 3bd?
407
In base 14, what is -2a - -20210?
201c4
In base 12, what is -2 + 8222?
8220
In base 3, what is -202101 - -112202?
-12122
In base 12, what is 792a + -3?
7927
In base 3, what is -1001200 - 111022?
-1112222
In base 7, what is -635466 + 3?
-635463
In base 7, what is 1614 - -1550?
3464
In base 12, what is 780433 + 3?
780436
In base 8, what is 723 + -22?
701
In base 8, what is -53157 - -4?
-53153
In base 3, what is -22 - -1111002222?
1111002200
In base 7, what is 142 - 40?
102
In base 16, what is 14e5 - -f?
14f4
In base 4, what is -13 + -3333223?
-3333302
In base 9, what is -1 + -1707?
-1708
In base 11, what is -27a72 - -77?
-279a6
In base 16, what is 3 + 56d1?
56d4
In base 6, what is 0 - 54033223?
-54033223
In base 6, what is -131414045 - 0?
-131414045
In base 4, what is 201 + 301?
1102
In base 10, what is 1309 + -5?
1304
In base 16, what is -19c3 + e?
-19b5
In base 13, what is -188c - -169?
-1723
In base 3, what is -11 + 212101111?
212101100
In base 9, what is -1 - 302084?
-302085
In base 8, what is 7610361 + 0?
7610361
In base 5, what is -4 - -20310?
20301
In base 6, what is 3332 + 3442?
11214
In base 14, what is 73 + 23?
96
In base 11, what is -1256 + 118?
-1139
In base 16, what is -5 - -38d2b?
38d26
In base 11, what is 191261 + 0?
191261
In base 13, what is 176 - -16?
18c
In base 12, what is -10 - -24